{"id":3055,"date":"2022-01-14T11:30:50","date_gmt":"2022-01-14T19:30:50","guid":{"rendered":"https:\/\/auw211.org\/?page_id=3055"},"modified":"2025-10-24T16:13:26","modified_gmt":"2025-10-25T02:13:26","slug":"providers","status":"publish","type":"page","link":"https:\/\/auw211.org\/haw\/na-mea-ho%ca%bbolako\/","title":{"rendered":"N\u0101 mea ho\u02bbolako"},"content":{"rendered":"<h1>He Mea Ho\u02bbohui m\u0101kou<\/h1>\n<p>In\u0101 he mea ho\u02bbolako ola kino a kanaka paha k\u0101u hui a i \u02bbole he hui kaiaulu li\u02bbili\u02bbi e h\u0101\u02bbawi ana i ke k\u014dkua kumu ma Hawai\u02bbi, hiki i ka AUW&#039;s 211 Helpline ke k\u014dkua i ka ho\u02bbopili \u02bbana i n\u0101 po\u02bbe nele i k\u0101u mau kumuwaiwai. Hiki i\u0101 m\u0101kou ke k\u014dkua i n\u0101 l\u0101l\u0101 o ke kai\u0101ulu i n\u0101 kumuwaiwai hou a\u02bbe.<\/p>\n\t\t<h3>Kulekele Ho\u02bbokomo \/ Ho\u02bboku\u02bbu<\/h3>\n\t\t<p>Pono n\u0101 mea ho\u02bbolako lawelawe e k\u016b nei a me n\u0101 mea hiki ke n\u0101n\u0101 i k\u0101 m\u0101kou <a href=\"https:\/\/auw211.org\/wp-content\/uploads\/2024\/03\/AUW-211-Inclusion-Document-2024-02-29.pdf\">Kulekele Ho\u02bbokomo \/ Ho\u02bboku\u02bbu<\/a>. H\u014d\u02bbike ke kulekele i ka pono no ka papa inoa papahana a me n\u0101 lawelawe. E \u02bbolu\u02bbolu e n\u0101n\u0101 i ke kulekele ma mua o ka ho\u02bbouna \u02bbana i n\u0101 lawelawe a i \u02bbole n\u0101 papa inoa hou.<\/p>\n\t\t\t<a href=\"https:\/\/auw211.org\/wp-content\/uploads\/2024\/03\/AUW-211-Inclusion-Document-2024-02-29.pdf\" target=\"_blank\" rel=\"noopener\">\n\t\t\t\t\t\tKulekele loiloi\n\t\t\t\t\t<\/a>\n\t\t<h2><a href=\"https:\/\/auw211.org\/haw\/s\/agency-info-form\/\" target=\"_blank\"  rel=\"noopener\">Oihana Hou<\/a><\/h2>In\u0101 \u02bba\u02bbole \u02bboe i papa inoa ma mua, e \u02bbolu\u02bbolu<strong> hoomaka maanei<\/strong>.<br \/>\nPono \u02bboe e ho\u02bbohui i k\u0101u \u02bboihana ma mua o ka ho\u02bbohui \u02bbana a i \u02bbole ka ho\u02bbonui \u02bbana i n\u0101 polokalamu.\n\t\t\t<a href=\"https:\/\/auw211.org\/haw\/s\/agency-info-form\/\" target=\"_blank\" rel=\"noopener\">\n\t\t\t\t\t\tP\u0101ku\u02bbi \u02bbOihana\n\t\t\t\t\t<\/a>\n\t\t<h2><a href=\"https:\/\/auw211.org\/haw\/s\/login\/\" target=\"_blank\"  rel=\"noopener\">Ho\u02bbohou i ka \u02bboihana e k\u016b nei a i \u02bbole ka papahana e k\u016b nei<\/a><\/h2>Ho\u02bbohou i ka \u02bboihana, n\u0101 p\u016bnaewele, a i \u02bbole n\u0101 papahana.<br \/>\nIn\u0101 he mo\u02bbok\u0101ki k\u0101u, e \u02bbe\u02bbe ma \u02bbane\u02bbi.\n\t\t\t<a href=\"https:\/\/auw211.org\/haw\/s\/login\/\" target=\"_blank\" rel=\"noopener\">\n\t\t\t\t\t\tE komo i ka ho\u02bboponopono\n\t\t\t\t\t<\/a>\n\tNo n\u0101 n\u012bnau a i \u02bbole ka \u02bbike hou aku, e \u02bbolu\u02bbolu e kelepona i\u0101:<br \/>\nSai, 211 Luna Nui, ma<br \/>\n<a href=\"tel:+18085432262\">808-543-2262<\/a> a i \u02bbole <a href=\"mailto:sai@auw.org\">sai@auw.org<\/a>.<br \/>\nMahalo!\n\t<h2>Noi 211 Mea Kokua<\/h2>\n<p>In\u0101 makemake \u02bboe i n\u0101 leka ho\u02bbolaha a i \u02bbole ka \u02bbike e h\u0101\u02bbawi a ho\u02bbolaha paha no ka lehulehu, hau\u02bboli m\u0101kou e k\u014dkua. Noi i ka \u02bbike a me n\u0101 leka ho\u02bbolaha a i \u02bbole n\u0101 leka uila ma ka leka uila <a href=\"mailto:sai@auw.org\">sai@auw.org<\/a>.<\/p>\n<ul>\n<li><a href=\"https:\/\/auw211.org\/haw\/211-Flyer\/\" target=\"_blank\" rel=\"noopener\">Lele \u02bbIke AUW 211 (8.5\u00d711)<\/a><\/li>\n<\/ul>\n\t\t\t\t<img decoding=\"async\" src=\"https:\/\/auw211.org\/wp-content\/uploads\/2022\/03\/Aloha-Harvest-1-scaled.jpg\" alt=\"Aloha Harvest-1\" itemprop=\"image\" height=\"1707\" width=\"2560\" title=\"Aloha Harvest-1\" onerror=\"this.style.display='none'\" loading=\"lazy\" \/>","protected":false},"excerpt":{"rendered":"<p>He Mea Ho\u02bbohui m\u0101kou In\u0101 he mea ho\u02bbolako olakino a me n\u0101 lawelawe kanaka k\u0101u hui a i \u02bbole he hui kaiaulu li\u02bbili\u02bbi e h\u0101\u02bbawi ana i n\u0101 k\u014dkua kumu ma Hawai\u02bbi, hiki i ka AUW&#039;s 211 Helpline ke k\u014dkua i ka ho\u02bbopili \u02bbana i n\u0101 po\u02bbe nele i k\u0101u mau kumuwaiwai. Hiki i\u0101 m\u0101kou ke k\u014dkua i n\u0101 l\u0101l\u0101 o ke kai\u0101ulu i n\u0101 kumuwaiwai hou a\u02bbe. Kulekele Ho\u02bbokomo \/ Ho\u02bboku\u02bbu \u02bbia \u02bbO n\u0101 mea \u0101pau a me n\u0101 mea hiki\u2026<\/p>","protected":false},"author":1,"featured_media":3113,"parent":0,"menu_order":0,"comment_status":"closed","ping_status":"closed","template":"","meta":{"footnotes":""},"class_list":["post-3055","page","type-page","status-publish","has-post-thumbnail","hentry"],"_links":{"self":[{"href":"https:\/\/auw211.org\/haw\/wp-json\/wp\/v2\/pages\/3055","targetHints":{"allow":["GET"]}}],"collection":[{"href":"https:\/\/auw211.org\/haw\/wp-json\/wp\/v2\/pages"}],"about":[{"href":"https:\/\/auw211.org\/haw\/wp-json\/wp\/v2\/types\/page"}],"author":[{"embeddable":true,"href":"https:\/\/auw211.org\/haw\/wp-json\/wp\/v2\/users\/1"}],"replies":[{"embeddable":true,"href":"https:\/\/auw211.org\/haw\/wp-json\/wp\/v2\/comments?post=3055"}],"version-history":[{"count":37,"href":"https:\/\/auw211.org\/haw\/wp-json\/wp\/v2\/pages\/3055\/revisions"}],"predecessor-version":[{"id":4116,"href":"https:\/\/auw211.org\/haw\/wp-json\/wp\/v2\/pages\/3055\/revisions\/4116"}],"wp:featuredmedia":[{"embeddable":true,"href":"https:\/\/auw211.org\/haw\/wp-json\/wp\/v2\/media\/3113"}],"wp:attachment":[{"href":"https:\/\/auw211.org\/haw\/wp-json\/wp\/v2\/media?parent=3055"}],"curies":[{"name":"wp","href":"https:\/\/api.w.org\/{rel}","templated":true}]}}